{"id":655,"date":"2025-09-08T09:46:16","date_gmt":"2025-09-08T09:46:16","guid":{"rendered":"https:\/\/www.bjjmetz-cuvry.fr\/?page_id=655"},"modified":"2025-09-08T13:20:34","modified_gmt":"2025-09-08T13:20:34","slug":"inscriptions","status":"publish","type":"page","link":"https:\/\/www.bjjmetz-cuvry.fr\/?page_id=655","title":{"rendered":"Inscriptions"},"content":{"rendered":"\n<p>Pr\u00eat \u00e0 nous rejoindre ? Sois le bienvenue !<\/p>\n\n\n\n<p>Les inscriptions se font en 2 \u00e9tapes :<\/p>\n\n\n\n<ul class=\"wp-block-list\">\n<li>Enregistrement et paiement de la licence et cotisation sur <a href=\"https:\/\/www.helloasso.com\/associations\/bjj-metz\/adhesions\/inscription-2025-2026\" data-type=\"link\" data-id=\"https:\/\/www.helloasso.com\/associations\/bjj-metz\/adhesions\/inscription-2025-2026\" target=\"_blank\" rel=\"noreferrer noopener\">HelloAsso<\/a><\/li>\n\n\n\n<li>Remise en main propre au coach du questionnaire m\u00e9dical <a href=\"http:\/\/www.bjjmetz-cuvry.fr\/wp-content\/uploads\/2025\/09\/QUESTIONNAIRE-MEDICAL-MAJEURS.pdf\" target=\"_blank\" rel=\"noreferrer noopener\">majeur<\/a> ou <a href=\"http:\/\/www.bjjmetz-cuvry.fr\/wp-content\/uploads\/2025\/09\/QUESTIONNAIRE-SANTE-MINEURS.pdf\" target=\"_blank\" rel=\"noreferrer noopener\">mineur<\/a> sign\u00e9. Un certificat m\u00e9dical n&rsquo;est plus obligatoire si l&rsquo;ensemble des r\u00e9ponses au questionnaire m\u00e9dical est n\u00e9gatif.<\/li>\n<\/ul>\n\n\n\n<hr class=\"wp-block-separator has-alpha-channel-opacity\"\/>\n\n\n\n<div class=\"wp-block-buttons is-content-justification-center is-layout-flex wp-container-core-buttons-is-layout-16018d1d wp-block-buttons-is-layout-flex\">\n<div class=\"wp-block-button is-style-fill\"><a class=\"wp-block-button__link has-vivid-red-background-color has-background has-text-align-center wp-element-button\" href=\"https:\/\/www.helloasso.com\/associations\/bjj-metz\/adhesions\/inscription-2025-2026\" target=\"_blank\" rel=\"noreferrer noopener\">S&rsquo;inscrire sur HelloAsso<\/a><\/div>\n\n\n\n<div class=\"wp-block-button is-style-fill\"><a class=\"wp-block-button__link has-vivid-red-background-color has-background has-text-align-center wp-element-button\" href=\"http:\/\/www.bjjmetz-cuvry.fr\/wp-content\/uploads\/2025\/09\/QUESTIONNAIRE-MEDICAL-MAJEURS.pdf\" target=\"_blank\" rel=\"noreferrer noopener\">Questionnaire m\u00e9dical Majeur<\/a><\/div>\n\n\n\n<div class=\"wp-block-button is-style-fill\"><a class=\"wp-block-button__link has-vivid-red-background-color has-background has-text-align-center wp-element-button\" href=\"http:\/\/www.bjjmetz-cuvry.fr\/wp-content\/uploads\/2025\/09\/QUESTIONNAIRE-SANTE-MINEURS.pdf\" target=\"_blank\" rel=\"noreferrer noopener\">Questionnaire m\u00e9dical Mineur<\/a><\/div>\n<\/div>\n\n\n\n<p><\/p>\n","protected":false},"excerpt":{"rendered":"<p>Pr\u00eat \u00e0 nous rejoindre ? Sois le bienvenue ! Les inscriptions se font en 2 \u00e9tapes :<\/p>\n","protected":false},"author":2,"featured_media":0,"parent":0,"menu_order":0,"comment_status":"closed","ping_status":"closed","template":"","meta":{"footnotes":""},"class_list":["post-655","page","type-page","status-publish","hentry","entry"],"_links":{"self":[{"href":"https:\/\/www.bjjmetz-cuvry.fr\/index.php?rest_route=\/wp\/v2\/pages\/655","targetHints":{"allow":["GET"]}}],"collection":[{"href":"https:\/\/www.bjjmetz-cuvry.fr\/index.php?rest_route=\/wp\/v2\/pages"}],"about":[{"href":"https:\/\/www.bjjmetz-cuvry.fr\/index.php?rest_route=\/wp\/v2\/types\/page"}],"author":[{"embeddable":true,"href":"https:\/\/www.bjjmetz-cuvry.fr\/index.php?rest_route=\/wp\/v2\/users\/2"}],"replies":[{"embeddable":true,"href":"https:\/\/www.bjjmetz-cuvry.fr\/index.php?rest_route=%2Fwp%2Fv2%2Fcomments&post=655"}],"version-history":[{"count":8,"href":"https:\/\/www.bjjmetz-cuvry.fr\/index.php?rest_route=\/wp\/v2\/pages\/655\/revisions"}],"predecessor-version":[{"id":680,"href":"https:\/\/www.bjjmetz-cuvry.fr\/index.php?rest_route=\/wp\/v2\/pages\/655\/revisions\/680"}],"wp:attachment":[{"href":"https:\/\/www.bjjmetz-cuvry.fr\/index.php?rest_route=%2Fwp%2Fv2%2Fmedia&parent=655"}],"curies":[{"name":"wp","href":"https:\/\/api.w.org\/{rel}","templated":true}]}}